t be (-2)/21*-144327 + d/70. Suppose 0 = -5*s + 2*n + t, -3*s - 2*s + 13755 = -4*n. Is s a prime number?
False
Let v be ((-10)/(-14))/((-85)/595). Let n = 0 - -60. Is (886/v)/((n/25)/(-6)) a composite number?
False
Suppose 236*x - 243*x + 4102 = 0. Let u be (-1)/(2 + 1)*-6. Suppose -2*i + y + 574 = 0, x = u*i + 4*y - 2*y. Is i composite?
True
Let m(v) be the third derivative of 0*v + 25/6*v**3 + 0 - 85/24*v**4 - 10*v**2. Is m(-18) composite?
True
Let v(u) = 72*u**2 + 25*u + 27. Let k(c) = c + 18. Let m be k(-2). Is v(m) composite?
False
Let a(q) be the second derivative of 3*q**5/10 - q**4/4 + q**3/3 + 6*q**2 - 33*q. Suppose -4*r + 25 = r. Is a(r) composite?
True
Let c(q) = 51*q**3 - 3*q**2 - 7*q + 1. Let k be c(-5). Let d = k + 9347. Is d prime?
False
Let w be 21 + (-45)/18*(-8)/10. Suppose -2*o - 3*i + 26 - 9 = 0, 5*o - w = -i. Suppose 12*f - o*f - 120 = 0. Is f prime?
False
Let b = -8 - -4. Let s(n) = -97*n + 0 + 9 - 59*n. Is s(b) composite?
True
Let u = -157025 + 381892. Is u prime?
False
Let d = -2503 - -3420. Is d prime?
False
Let b = 68 + -65. Suppose -5*v + 6493 = b*l, -5*l + 2*v + 838 = -9963. Is l prime?
True
Let f(i) = 2441*i**2 - 250*i - 9. Is f(-6) a composite number?
True
Suppose 2*u - 3895 = -18*u + u. Is u prime?
False
Let q(j) be the second derivative of j**4/4 - 13*j**3/3 + 85*j**2/2 - 49*j. Is q(30) composite?
True
Suppose -4*a = -3*h + 3, 0 = -a - 2*a + h - 6. Let c(q) = 49*q**2 - 3*q - 1. Is c(a) a composite number?
False
Let g(q) = -5*q - 8. Let p be g(-2). Is ((-22790)/(-15))/(p + 4/(-3)) a prime number?
False
Let v(y) = 61 - 2 - 30 - 9804*y + 48. Is v(-13) composite?
False
Let x = -199000 - -414911. Is x prime?
False
Let r be 95/6 - 18/(-108). Suppose -4*q - r*q = -15140. Is q a prime number?
True
Let m(v) = 214370*v + 753. Is m(1) a composite number?
False
Let c = 174124 + -47583. Is c a composite number?
False
Let c(j) = -557*j**3 - 11*j**2 + j + 2. Let p be c(-9). Suppose 1336500 = 17*n + p. Is n a prime number?
False
Suppose -16*f = -11*f + 5. Is -5311*(f + (1 - (-4 + 5))) composite?
True
Suppose -2*q + 12 - 6 = 0. Let i = -47 + 47. Suppose -2 = -d - i, 4*z - q*d = 7382. Is z a composite number?
False
Suppose -827157 = -3*j + 359773 - 277915. Is j composite?
True
Let f = 68206 + 124255. Is f a prime number?
True
Suppose -50 + 35 = 3*s. Let r = 14 + s. Suppose 0 = -r*d + 14*d - 2705. Is d a composite number?
False
Suppose 4*m - 45175 = -9*m. Suppose -10*v + m = -5*v. Is v prime?
False
Suppose -754258 = -162*w + 740516. Is w a composite number?
False
Suppose 0 = 5*b + 80*t - 77*t - 537758, -4*b + 430207 = 3*t. Is b prime?
False
Let k be 6 + -2 - (2 + -2 + 2). Suppose d + 3*f = 2*f + 905, k*d = 4*f + 1822. Is d composite?
False
Let c(r) be the third derivative of 91*r**4/4 + 7*r**3/6 + 2*r**2 + 44*r. Is c(1) prime?
False
Suppose i - 2582 = -v + 1260, -2*i = 3*v - 11526. Is (v/8)/(37/148) a composite number?
True
Suppose -60302 + 16819 = -11*k. Suppose -113 - k = -2*b. Is b prime?
False
Suppose -n - 3*n - 5313 = -3*t, 5*n = 5*t - 8860. Let u = 2108 + -2102. Suppose -4*g - 1775 = -u*q + q, -5*q = 4*g - t. Is q a composite number?
True
Let q(u) = -106*u + 2. Let i be q(-1). Let y(c) = 51*c + 59*c + 74*c**2 - i*c + 1. Is y(5) a prime number?
True
Let j = -36 + 42. Suppose -c - j*c = 91. Let k(g) = g**2 - 2*g + 28. Is k(c) composite?
False
Suppose -3*d - 4*h = -13, -h = 2*d - 10 - 2. Suppose 22 = d*t - 6. Is 33/6*t + 3/(-1) a composite number?
False
Let v(t) = -t**2 + t + 44. Let b be v(7). Suppose x = 3*h - b*h + 2390, -4*x = h - 9565. Is x composite?
True
Suppose -7*o + 8309 = -2835. Let f be -3 + 1/(-1) + o. Suppose -5*l + 2*v + 2*v + 1573 = 0, -v + f = 5*l. Is l prime?
True
Suppose -1 = 3*v + 5. Let d be v/(-12) - (-15)/18 - -1. Suppose -2*o = -5*o - 6, 0 = -d*a + 3*o + 624. Is a prime?
False
Let s = 192 + -185. Suppose s*r - 92211 = -0*r. Is r a prime number?
False
Suppose -3*u + 18451 = 4*a, a = -u - 2*u + 4615. Suppose -a = -6*t + 12266. Is t composite?
True
Suppose 18*j = 260 - 404. Suppose -3*d + 8*d + 5 = 0. Is (4 + d + -7)*2278/j composite?
True
Is (-23)/(575/50) + 46071/1 a composite number?
True
Suppose 0 = 4*b + 33 + 19. Let g be (-6)/(-39) + (-128)/b. Suppose 5*m - g*m = -1495. Is m a composite number?
True
Suppose 1209712 + 106966853 = 147*n. Is n prime?
False
Suppose -w + 252 = 5*w. Let c = w - 44. Is 496 + 5 + c*(-1 + 2) prime?
True
Suppose 121*q - 18306043 = -63*q + 6250413. Is q prime?
False
Suppose -5*f - 5 - 5 = 0, 4*x + 16 = -2*f. Let b be (0 - (x + -1)) + 390. Is (-5)/(10/b)*-7 a composite number?
True
Let u(r) = -43*r + 53. Let m = -66 + 58. Is u(m) prime?
True
Suppose -t = -8 + 14. Is (1 - 752)*(1 + t) prime?
False
Let i be -11 + 10 + 16696/2. Suppose -i = -16*v - 683. Is v a prime number?
True
Is (32 + -58)/(4/(-514)) prime?
False
Let m = -23145 + 109648. Is m composite?
True
Let g(k) = -k + 1. Let l(b) = -269*b**3 - 15*b**2 - 5. Let t(a) = -4*g(a) - l(a). Is t(3) prime?
True
Suppose 5*p + 3*k = 4473128, 153*p - 158*p + 5*k + 4473080 = 0. Is p a composite number?
True
Suppose 2*g - 6318 = -5*f, 4036 - 240 = 3*f - 4*g. Let o be (-1106)/(-5) + (-1)/5 - 2. Suppose f + o = r - p, -3*r - 2*p = -4439. Is r a composite number?
False
Let y be (-38)/12 - 21/(-126). Is (y + (-7)/(-3))/((-20)/1052970) a composite number?
False
Let o(b) = -3*b + 4. Let f(z) = 2*z - 3. Let t(h) = -4*f(h) - 3*o(h). Let i(m) = -m + 709. Let q(k) = i(k) + 2*t(k). Is q(0) a composite number?
False
Suppose 55*w - 12181896 = 232*w - 29752863. Is w composite?
True
Let b = -31115 - -45012. Is b a composite number?
True
Suppose -5*s + 49153 + 139530 - 22113 = 0. Is s a composite number?
True
Is (-3)/(-2)*1/(180/(-2904936))*-5 a composite number?
False
Let r(u) = -u + 10. Let x be r(5). Let g(w) = 1234*w + 87. Is g(x) a composite number?
False
Suppose 99*w - 106*w + 370412 = 0. Suppose 0 = -29*s + 33*s - w. Is s a prime number?
True
Let t = -430 - -760. Suppose 122 - t = -4*o. Suppose 53*s = o*s + 185. Is s composite?
True
Suppose 7*x + 1304277 = 459153. Is 4/(-12)*x/(24/6) composite?
False
Let d(c) = 183*c + 1. Let b(z) = -186*z. Let x(y) = -6*b(y) - 5*d(y). Is x(18) a prime number?
True
Let j(b) = 493*b + 17. Let a be j(9). Let v = 7551 - a. Is v a composite number?
True
Suppose -z - 5*r - 12 = 0, -4*r + 38 - 6 = 4*z. Let i(b) = -2*b**2 - z*b**3 - 5*b - 4 - 2*b + 3*b + 3*b. Is i(-2) prime?
False
Suppose 3*l - 2*c = 93911, 161 = -4*c + 157. Is l composite?
True
Let n(x) = 9*x**3 - 17*x - 18*x**3 + 8*x**3 + 15*x**2 + 18. Let t be n(14). Is -1*(-3)/(-18) + (-31900)/t composite?
True
Suppose -5*n + 1210 = -640. Let k be 57/(-2)*44/6. Let j = n + k. Is j composite?
True
Let n = -32943 - -50984. Is n a composite number?
False
Let i = -51336 - -297893. Is i a composite number?
False
Suppose -v = -4*v + 21. Suppose -x = v*x. Suppose x*s = -5*s + 3355. Is s composite?
True
Let p(z) = -1040359*z**3 - 28*z**2 - 61*z - 33. Is p(-1) a prime number?
False
Suppose -296911 = -12*f + 867245. Is f a prime number?
False
Suppose 5*l - 30 = 0, 216*z - 213*z + 5*l = 140157. Is z a prime number?
False
Let j(h) = 260*h - 13. Let y(i) = 3*i + 13. Let u be y(-3). Suppose -u*o = o - 15. Is j(o) a prime number?
False
Let v(a) = 70974*a - 43. Is v(3) a prime number?
False
Let t = -78276 - -216155. Is t a composite number?
True
Let b = 7 + -6. Let q(g) = -98*g**3 - 2*g**2 + g. Let m be q(b). Let f = -20 - m. Is f composite?
False
Let k(j) = 3*j + 42. Let m be k(-13). Suppose -7477 = -5*u + 2*g, -u - m*g + 2055 = 546. Is u prime?
False
Suppose d - 767158 = -5*t, -179273 - 434445 = -4*t + 2*d. Is t a composite number?
True
Is (-1)/(9/(-4)) - 17254887/(-1647) a composite number?
False
Let g be 254005/25 + -6 - (-3)/(-15). Let f = g - 385. Is f prime?
True
Let v be 10814/8*4*(1 + -2). Let g = v + 12138. Is g composite?
True
Let u(y) = -343*y**3 + 3*y + 5. Let l(t) = t - 7. Let m be l(11). Let s be m/(-9) + 56/(-36). Is u(s) a composite number?
True
Let g(k) = -k + 34. Let x be g(8). Let i = 29 - x. Let l(t) = 385*t - 4. Is l(i) a prime number?
True
Suppose 5*o = 3*o + 1516. Suppose 23*l + o = 25*l. Is l prime?
True
Let x(j) = 1240*j + 76. Let i be x(7). Suppose 73*k + i = 77*k. Is k a composite number?
True
Let k be ((21 - -1) + 5)*(3 + 1). Suppose 6*r = k - 1758